(g) + k(g). Let o be q(0). Suppose -4*n = -0*n - o. What is the tens digit of n?
5
Let y(q) = 3*q + 18. Let f be y(-6). Suppose -9*s + f*s + 12879 = 0. What is the tens digit of s?
3
Let l be -2 + 4/2*-21. Let n = 49 + l. Suppose n*v = -5*d + 20, -5*d - 2*v - 10 = -27. What is the units digit of d?
3
Let i(t) = 208*t**2 - 11*t + 11. What is the hundreds digit of i(4)?
2
Let o(q) = 2*q**2 + 5. Let d be o(0). Suppose i - 3*i + 83 = b, d*b = i + 360. Let w = 145 - b. What is the tens digit of w?
7
Let p(z) = 279*z**3 - 14*z - 3. Let t(k) = 278*k**3 - 12*k - 4. Let v(x) = 3*p(x) - 4*t(x). What is the hundreds digit of v(-1)?
2
Let b(o) be the third derivative of -4/3*o**3 + 0*o + 1/3*o**4 + 0 - 6*o**2. What is the hundreds digit of b(16)?
1
Let q = 8 - -30. Let g be 2/4 + 3/2. Suppose g*b + q = 98. What is the units digit of b?
0
Let l be 4420/(-18 + 13 + (6 - 0)). What is the hundreds digit of ((-40)/(-6))/(l/(-492) - -9)?
4
Let t = 3126 - 1472. Suppose 38 = 4*s - t. What is the tens digit of s?
2
Suppose -z + 1471971 = 70*z + 18*z. What is the ten thousands digit of z?
1
Suppose -5*n - 14460 = -g, 2*g - 1036*n - 28934 = -1033*n. What is the units digit of g?
0
Suppose -2*g + 5011 = 2*t - 2467, -5*g - 14974 = -4*t. What is the hundreds digit of t?
7
Let q be (5 + (4 - 3))*2/4. Let l be (-258)/(-10)*15*q/9. Suppose y = -5*u + l, -u + 0*u = 1. What is the tens digit of y?
3
Let f = 979 - 570. What is the hundreds digit of f?
4
Let q = 8645 - 5805. What is the units digit of q?
0
Suppose -3*y = 3*n + 798, -2*n + 4*y - 3*y = 538. Let w = 355 + n. What is the tens digit of w?
8
Let o(v) = -107*v + 25. Let g(x) = 6*x**2 - 73*x + 5. Let p be g(12). What is the units digit of o(p)?
4
Let h = -3277 - -9171. What is the units digit of h?
4
Suppose -521 = z + m, 2589 = -4*z - z - m. Let u = 857 + z. What is the tens digit of u?
4
Suppose 193149 + 618795 = 63*l. What is the ten thousands digit of l?
1
Suppose 0 = -298*b + 182*b + 235132. What is the units digit of b?
7
Let v = -309 + 314. What is the units digit of 207/(-15) - -14 - (-5964)/v?
3
Let y = 56123 - 32694. What is the tens digit of y?
2
Let k be -1 - 9 - (10 - 12). What is the units digit of (-32)/24*396/k?
6
Suppose 4*l = -4*p + 20256, 3*p - 15190 = -3*l + l. What is the thousands digit of p?
5
Let g be (891/54)/(3/54). Suppose 6*i = -g + 609. What is the units digit of i?
2
Let s(y) = 5*y**3 - 11*y**2 + y - 3. Let a(v) = 6*v**3 - 11*v**2 + 2*v - 4. Let u(h) = 6*a(h) - 7*s(h). Let m = 10 - 15. What is the units digit of u(m)?
2
Suppose 86*x - 91*x = 3*t - 18314, 4*t + 18293 = 5*x. What is the tens digit of x?
6
Suppose -2*a = -2*v + 46, -76 = -4*v + 2*a + 22. Let u = -35 + v. What is the tens digit of (u/6)/(2/(-180))?
3
Suppose -27*l + 22*l + 2*g - 5517 = 0, -5*l - 5513 = 2*g. Let u = -172 - l. What is the tens digit of u?
3
Let f(l) be the second derivative of -4/3*l**3 + 0 - 32*l + 33*l**2. What is the units digit of f(-8)?
0
Let g(p) = 39*p**2 - 95*p - 778. What is the thousands digit of g(-8)?
2
Suppose 7*i - 90 = -1196. Let a = i + 205. What is the units digit of a?
7
Let d(m) = 2*m**2 + 74*m + 807. What is the units digit of d(-51)?
5
Let k(x) = -84*x - 8. Let q(c) = -28*c - 3. Let w(u) = 3*k(u) - 8*q(u). What is the tens digit of w(-3)?
8
Let x = -187 + 185. What is the units digit of 11/((-3 + x)/(-5)) - 2?
9
Let c(t) = 3*t**3 + 10*t**2 + 37*t - 27. What is the units digit of c(14)?
3
What is the tens digit of 9*(-20)/(-300)*53305?
8
Let g be 2*38/(-12)*(94 - -2). Let t be 6/4*(-4 + g/(-12)). Let o = t + 17. What is the units digit of o?
7
Let z be -9*1/((-6)/34). Let h be (1 - 8 - -7)/(4/(-2)). Suppose h = z*v - 46*v - 110. What is the units digit of v?
2
Let f(u) = -5*u**3 - 20*u**2 - 24*u - 27. Let a(g) = -9*g**3 - 39*g**2 - 48*g - 54. Let i(r) = -4*a(r) + 7*f(r). What is the tens digit of i(-10)?
8
Let y be (-2)/(-3)*432/32. Let a be ((-461)/(-3)*-1)/((-3)/y). Suppose -188 = 3*v - a. What is the units digit of v?
1
Suppose 4*q + 4 = -2*w, -3*q = -2*w + 5 - 44. Let k be (12/(-9))/(w/18). What is the tens digit of (-2 - (-3 + k)) + -2 + 19?
1
Let n = 38926 - 16090. What is the thousands digit of n?
2
What is the thousands digit of (-5)/(-65) + (-14884650)/(-325)?
5
Let n = 14 + -12. Let s(g) = -1 + 8 - 5*g - 1 - 8*g**3 - 7*g**2 + n*g. What is the units digit of s(-3)?
8
What is the units digit of 75175/75 - (-1)/(-3)?
2
Let n = 8472 + 56612. What is the hundreds digit of n?
0
Let a(h) = -3*h**3 - 34*h**2 - 515*h - 5. What is the thousands digit of a(-14)?
8
Let c(t) = -281*t**3 - 7*t - 7. Let d = 197 + -198. What is the tens digit of c(d)?
8
Let u = 21827 + -10835. What is the thousands digit of u?
0
What is the tens digit of -3 + (-34)/(-12) + (-49327)/(-6)?
2
Suppose l - 1 = -4*o, -54 = 3*l - 5*l + 5*o. Let g = 227 - l. What is the units digit of g?
0
Let s = 570 - 568. Let d(h) = 204*h**3 - h**2 - 5*h + 5. What is the thousands digit of d(s)?
1
Suppose -45*c = 2*w - 42*c - 8381, -3*w + 12574 = 2*c. What is the tens digit of w?
9
Let p = -36715 + 109796. What is the tens digit of p?
8
Let p(h) = h**2 + 6*h + 1. Let m(y) = -3*y. Let u(q) = 6*m(q) + 2*p(q). Suppose -12 = 3*f - 5*f. What is the units digit of u(f)?
8
Let u(a) = -80*a + 8. Let f be u(6). Let h = -293 - f. Let m = h - 117. What is the tens digit of m?
6
Suppose -4*b + 11616 = 2*v - 6*v, 2*b - 5815 = -5*v. Let g = 1939 - b. What is the units digit of 3/6 + g/(-12)?
1
Suppose -4*j - 43406 = -4*z + 14278, 6*j + 24 = 0. What is the thousands digit of z?
4
Suppose -5*p + p = 2*p. Suppose 22*v + 231 - 1023 = p. What is the units digit of v?
6
Let p(u) = 6*u - 11. Let z be p(23). Let o = -99 + z. What is the tens digit of o?
2
Let t(m) = m**3 + 14*m**2 + 12*m + 1. Suppose 0 = -40*b + 44*b - 224. Suppose 0 = -4*s + 4*r - b, 2 = -3*r + 5. What is the tens digit of t(s)?
1
Let q(d) = d**3 + d**2 - d - 2. Let f be q(2). Suppose f*b = 12*b - 8. Suppose h - 3*w = 6, -3*h + h + b*w = -24. What is the tens digit of h?
1
Let g be 0 - (9 - 8)*(-8)/1. Let f be (-2)/g + 454*55/40. Suppose -8*v + f = 16. What is the tens digit of v?
7
Let z(c) = 330*c**3 - c**2 - 4*c - 2. Let l be z(-1). What is the hundreds digit of (3/(-3))/1 - l?
3
Let a be (2 - 10/3)/(24/72). Let d(q) = -14 + 0*q - q - 7*q. What is the units digit of d(a)?
8
Suppose 15 = 2*o - 7. Suppose 0 = -o*v - 8 + 2197. What is the hundreds digit of v?
1
Let z = 31 - -8. Suppose 5*b - 3*c - z = 0, -2*c = -7*c + 10. Suppose -s + b = -46. What is the tens digit of s?
5
Let q(f) = -1209*f + 5916. What is the tens digit of q(-14)?
4
Let p be (-165)/22*(-2)/3. Let q(d) = -3*d + 10. Let x be q(p). What is the units digit of 3970/50 + (-3)/x?
0
Suppose g - 15580 = -j - 2*j, -4*g = -16. What is the thousands digit of j?
5
What is the tens digit of (7296 + -13 - -10) + (-16)/2?
8
Suppose 4*p - 3*p = -3*i + 4, 0 = -2*p - i - 7. Let v = -6 - p. Let y = v - -92. What is the tens digit of y?
9
What is the units digit of (0 + 1/(-2))/(19 - (-10570099)/(-556320))?
0
Let q(d) = -2*d**2 - 2. Let l(s) = 7*s**2 + 14*s - 67. Let i(n) = -l(n) - 4*q(n). What is the tens digit of i(0)?
7
Let q(j) = -j**2 - 3*j + 7. Suppose 24 = 16*k - 20*k. Let s be q(k). Let b = -2 - s. What is the units digit of b?
9
Let h(f) = 9*f**3 + 8*f**2 - 2*f + 1199. Let y(a) = 5*a**3 + 4*a**2 - a + 601. Let z(l) = 6*h(l) - 11*y(l). What is the hundreds digit of z(0)?
5
Let x = 37 + -32. Suppose -347 - 58 = -x*d. What is the units digit of d?
1
Suppose 2*a - 44 = -0*a + 3*k, 2*k = 0. Suppose u - 402 = -a. What is the units digit of u?
0
Let d be (-230)/2185 - (-308)/38. Suppose -70*j + 82646 = -d*j. What is the tens digit of j?
3
Suppose 438321 + 210498 = 37*g + 220433. What is the hundreds digit of g?
5
Let z be 33/5 + 14/35. Suppose z*j + 3*j = -3040. Let q = j - -427. What is the hundreds digit of q?
1
Let o = 47461 + 5391. What is the hundreds digit of o?
8
What is the thousands digit of ((-30)/(-1))/1*(-5)/(10/(-139))?
2
Suppose 78*b - 6*b = 317376. What is the units digit of b?
8
Let b(w) = -w**3 + 2*w**2 - 2*w + 6. Let o be b(3). Let h(f) = -44*f - 44. What is the hundreds digit of h(o)?
3
Suppose -138205 = 16*q - 135385 - 369444. What is the thousands digit of q?
2
Suppose -33*l = -43*l + 77130. What is the tens dig